4*z + x, -p + 603 = 5*z. What are the prime factors of p?
593
Let t(z) be the first derivative of 5*z**3/3 - 9*z**2/2 + 14*z + 1. Suppose 179*i = 177*i + 12. List the prime factors of t(i).
2, 5, 7
Suppose 30*m + 54 = 32*m. Suppose 10 = -22*x + m*x. Suppose 3*b = -2*b - 3*r + 249, 4*b - x*r = 208. List the prime factors of b.
3, 17
Suppose -2*u = 5*b - 31183, 4*u + 0*u + 18715 = 3*b. What are the prime factors of b?
3, 7, 11
Let z = 201 + -119. Let y = z + -138. Let p = y - -63. List the prime factors of p.
7
Let i(n) = -8*n**3 - 7*n**2 + 10. Let m = -71 + 77. Suppose -3*d + 0*b + 2*b = 1, 3*b + m = 2*d. List the prime factors of i(d).
163
Let m = -2362 + 4844. What are the prime factors of m?
2, 17, 73
Suppose f - 10*f = 360. List the prime factors of f/100 + 6174/10.
617
Let y(j) be the third derivative of 49*j**5/60 + j**4/6 - j**3/3 - 41*j**2. List the prime factors of y(2).
2, 101
Let f = -678 + 267. Let a = 422 + f. List the prime factors of a.
11
Let c(r) be the first derivative of 0*r**2 + 6*r - 15 + 2/3*r**3. What are the prime factors of c(6)?
2, 3, 13
Let s(c) = 15*c**2 + 2*c + 4. Suppose -4*u = 5*x + 2, u = 2*x - u + 8. Let o be 4*(-2 - 5/x). What are the prime factors of s(o)?
2, 17
Let t = -1703 - -5713. List the prime factors of t.
2, 5, 401
Let g(a) = -122*a - 177. List the prime factors of g(-24).
3, 7, 131
Suppose 3*v + 2*u = 13 - 0, 3*u - 7 = -2*v. Suppose -v*y + 4 = -y. What are the prime factors of y - 1 - 0 - -48?
2, 3
Let b(i) = 3*i - 19. Let j be b(11). Let k = j - 12. Suppose 2*m - 4*a - 232 = -k*m, -3*m + 168 = -a. What are the prime factors of m?
5, 11
Let j = 435 + -590. List the prime factors of (-139665)/j + 30/(-465).
17, 53
List the prime factors of (0 - 1 - 3050)*5*5/(-75).
3, 113
Let b = 347 - 317. Suppose 3575 = 5*c + b. What are the prime factors of c?
709
Suppose 0 = 6*j + j - 273. Let p = -35 + j. Suppose -p*c - 49 = -197. List the prime factors of c.
37
Suppose -357*a + 384*a = 1199880. List the prime factors of a.
2, 5, 11, 101
Let u(x) = 93*x**2 - 258*x + 2548. List the prime factors of u(10).
2, 7, 331
Let d be (0 + -237)*(-16)/24. Suppose t + d = 626. What are the prime factors of t?
2, 3, 13
Let t be (-1)/(-2)*(4 - -4). Let s(f) = 152*f**2 - 148*f**2 + 28 + 13*f - t. What are the prime factors of s(-7)?
3, 43
Let o(v) = -78*v**3 - 11*v**2 + 53*v + 628. What are the prime factors of o(-9)?
2, 11, 2551
Let s(a) = 5*a**3 + 143*a**2 + 8*a + 135. What are the prime factors of s(11)?
24181
Let p = 2090 - -6245. What are the prime factors of p?
5, 1667
Let z be ((-16)/(-10))/(161376/(-80700) - -2). Suppose -899 - z = -13*a. What are the prime factors of a?
3, 7, 23
Suppose -3485*f - 146619 = -3584*f. List the prime factors of f.
1481
Suppose -p - 4 + 16 = 0. Suppose -3*l - 2*l = c + p, 9 = -3*l. Suppose -2*a - 2*u = -96, 2*u = c*u. What are the prime factors of a?
2, 3
Suppose -10*x = 4*k - 11*x + 1418, -2*k - 4*x - 718 = 0. Suppose 5*y = -3*n - 628, -2*n = -0*n + 2*y + 420. Let i = n - k. List the prime factors of i.
2, 3
Let w be (1*8)/(2/(-32)*-4). Suppose -4*l = -5*o - w, 25 = 3*l + 3*o - 7*o. Suppose l*v + 5*f = 6*v - 99, -v = 3*f - 19. What are the prime factors of v?
2, 7
Let b(z) = 77*z**2 - 5*z + 47. Let t(l) = -76*l**2 + 2*l - 48. Let k(d) = 3*b(d) + 2*t(d). What are the prime factors of k(3)?
3, 241
Let a = 67780 + -26894. What are the prime factors of a?
2, 20443
Let u = -752 + 6462. What are the prime factors of u?
2, 5, 571
Let w(u) = -24*u**2 - 6*u - 21. Let g(j) = -24*j**2 - 4*j - 21. Let d(x) = -6*g(x) + 5*w(x). List the prime factors of d(4).
3, 127
Let n be (-2 + -3 + 3)/((-2)/(-27)). Let o = -32 - n. Let w(u) = u**3 + 8*u**2 + 4*u - 6. What are the prime factors of w(o)?
7
Suppose -8 = 6*r - 44. Suppose 2*f + 17 = 3*j, 3*j - 3*f = r*j + 3. Suppose 0 = -8*y + 493 + j. What are the prime factors of y?
2, 31
Let v(n) = -n**2 + 91*n - 77. Let f be v(48). What are the prime factors of 1/2 - 3/((-6)/f)?
2, 7, 71
Let m = -35 - -38. Let v(c) = -5*c**2 - 11*c - 21 - c**m - 23*c + 14*c - 5*c**2. List the prime factors of v(-9).
2, 3, 13
Let i(n) = -4*n - 10. Let q be i(-4). Let l be ((-164)/q - 0)/((-14)/(-21)). Let h = 0 - l. List the prime factors of h.
41
Suppose 4*c = -3*t + 25, -3*c + 7*c - 3*t - 55 = 0. Let m be ((-16)/c)/((-2)/10). Suppose 2*l - m*l + 1086 = 0. List the prime factors of l.
181
Suppose 0 = 5*i - 3*i - 2, -2*w + 5 = i. Suppose 0 = s - 5, -4*s = -3*b + w*b - 6. Let x = b - -55. What are the prime factors of x?
3, 23
Let w be -2 + 0 + (-1 - -13). Let z be (-1390)/25 - 4/w. List the prime factors of (z/3)/(2/(-6)).
2, 7
What are the prime factors of ((-1848)/1232)/(((-2)/(-1268))/(-1))?
3, 317
Suppose -8703 = 21*y - 1668. Let h = y - -1319. List the prime factors of h.
2, 3, 41
Let z(p) be the first derivative of 19*p**2/2 - 27*p + 47. List the prime factors of z(8).
5
Let a(z) = -z**2 - 54*z - 449. Let s be a(-43). Let y(u) = 5*u**3 + 8*u**2 - 7*u - 6. Let n be y(6). Suppose 0 = -s*q + 16*q + n. List the prime factors of q.
3, 5, 11
Let u(y) = -2*y**2 - 6*y + 2. Let j(z) = -z**3 + 3*z**2 + 7*z - 2. Let i(p) = -2*j(p) - 3*u(p). Let m be i(-4). Let o = m - -213. List the prime factors of o.
67
Let z(n) = -40*n**3 + 45*n**2 - 15*n + 34. What are the prime factors of z(-7)?
2, 251
Let b be 1/(6 - 3548/592). Suppose -5*m + 354 = 3*d, -3*m - d + b + 62 = 0. What are the prime factors of m?
3, 23
Suppose y - 1 = s - 4*y, 0 = -3*y + 15. Suppose 26*f - 510 = s*f. What are the prime factors of f?
3, 5, 17
Let r(i) = -44*i - 26. Let y = -133 + 227. Let a = y - 99. What are the prime factors of r(a)?
2, 97
Suppose -33*t = 33674 + 8599. Let q = -584 - t. What are the prime factors of q?
17, 41
Suppose v = -3*s + 140, 2*v + s - 130 = v. Suppose v*o - 446 = 123*o. Suppose 0 = 4*i - o + 19. What are the prime factors of i?
3, 17
Suppose -4*o = -2*s - 3*s, -2*s = -4*o. Let i be (o + -152)/(-2)*(-17)/(-4). Suppose -3*h = -76 - i. List the prime factors of h.
7, 19
What are the prime factors of -9*456/570*(-15790)/3?
2, 3, 1579
Suppose 3*j - 47*a = -50*a + 7293, -4860 = -2*j - 3*a. What are the prime factors of j?
3, 811
Let s = 19 - 17. Suppose 0 = s*c - 10*c. Let k(l) = l**3 - l + 12. What are the prime factors of k(c)?
2, 3
Let k = 356 + -2101. Let f = 2694 + k. What are the prime factors of f?
13, 73
Suppose m = -3*s + 882 + 8640, 5*m - 47610 = s. List the prime factors of m.
2, 3, 23
Suppose -20*k + 5 = -19*k, 0 = -o - k + 23. Suppose -o*q - 3*j = -19*q + 926, j - 1859 = -2*q. List the prime factors of q.
929
Let h be 50/6*((-72)/15 - -6). Suppose 0 = h*g - 13120 + 760. What are the prime factors of g?
2, 3, 103
Suppose -100 + 16 = 14*y. Let g(r) = -25*r - 63. List the prime factors of g(y).
3, 29
Suppose -p = 3*o + o - 124, -o + 3*p = -31. Let b = -71 + 81. Let f = o - b. List the prime factors of f.
3, 7
Let p(v) be the third derivative of -v**5/60 - 13*v**4/24 - 2*v**3 + 15*v**2. Let s be p(-12). Suppose s = q - 7 + 1. What are the prime factors of q?
2, 3
Suppose 12*w - 11*w = -6, 4*q - 121386 = 3*w. What are the prime factors of q?
2, 3, 13, 389
Let y(p) = -179*p**3 + p**2 + 8*p + 7. Let s be y(-1). Suppose -13*v = s - 790. What are the prime factors of v?
47
Suppose 3*x + q + 972 = -q, 3*x = q - 972. Let o be (x/135)/(-1 + (-54)/(-50)). List the prime factors of (-2308)/(-15) + (-4)/o.
2, 7, 11
Let v be (467/3 - 3)/(4/270). Suppose 2*y = 6, -4*y + y = 3*p + v. What are the prime factors of 4 - p/30 - 4/(-10)?
7, 17
Let l = 4 + 6. List the prime factors of (-4)/l + (-177)/(-5).
5, 7
Let t be 6 + 314 + (-3)/(9/(-12)). Suppose -88*f = -85*f - t. What are the prime factors of f?
2, 3
Let z(y) = 345*y + 641. List the prime factors of z(4).
43, 47
List the prime factors of (-6)/(-12) + 179956/56.
2, 1607
Let y be 378/99 + (-2)/(-11). Suppose -4*o - 92 = -y*k - 0*o, 0 = 5*k - o - 115. Suppose -k = -4*g + 9. List the prime factors of g.
2
Suppose a + 12238 = 2*s + 44035, 0 = 4*a + 3*s - 127221. What are the prime factors of a?
3, 10601
Suppose 4*r + 4*s = -16, 0*r - r = 2*s + 8. Suppose -2*g - 2 = -2*c + 4*c, 3*g + 2*c + 5 = r. What are the prime factors of (g + 32)/(3/(-2) - -2)?
2, 29
Let n(s) = 56*s**2 - s + 1. Let g be n(1). Let t = 60 - g. Suppose 5*i + t*i = 1197. What are the prime